 + 37. What is the remainder when h is divided by u?
15
Suppose 0 = -2*l + 2*g + 3*g + 60, -4 = -g. Calculate the remainder when 70 is divided by l.
30
Let n = 62 - 34. Let b = n + -25. What is the remainder when 7 is divided by b?
1
Let u = 8 - 5. Suppose -x - 23 = -p + x, -u*p = 4*x - 69. What is the remainder when 91 is divided by p?
22
Suppose -108 = -4*p - 112, 2*p - 213 = -5*f. Calculate the remainder when 138 is divided by f.
9
Let l(a) = a - 33. Let d be l(16). What is the remainder when (-23 - 0)*(16 + d) is divided by 13?
10
Let a(p) = -16*p**3 - p**2 + p + 1. Suppose -115 - 77 = -24*t. Calculate the remainder when a(-1) is divided by t.
7
Suppose -682 = -5*p + 213. Let g = -122 + p. What is the remainder when g is divided by 15?
12
Let d = -115 - -217. Suppose -3*h = -2*h - 21. Calculate the remainder when d is divided by h.
18
Let q(u) = -3*u**2 + u + 9. Let f(g) = 7*g**2 - 3*g - 19. Let t(p) = -2*f(p) - 5*q(p). Calculate the remainder when 51 is divided by t(4).
12
Let k(m) = 4*m**2 - m - 1. Let d be k(-1). Suppose -2*y + 6 = 5*l - y, -12 = d*l + 5*y. Calculate the remainder when ((-70)/(-21))/(l/30) is divided by 13.
11
Suppose -205 = 2*i - 7*i. Let t = i - 13. Calculate the remainder when 110 is divided by t.
26
Let p = -976 + 992. What is the remainder when 2878 is divided by p?
14
Suppose h + 4*d - 5*d = 0, 5*h + 3*d = 0. Suppose -t + 6*t + 1200 = h. Let s = -155 - t. Calculate the remainder when s is divided by 22.
19
Suppose -73 = -5*m + 4*c, 0*c + 6 = 2*c. Suppose -12*u = -m*u + 295. What is the remainder when u is divided by 12?
11
What is the remainder when 46 is divided by (14 - 0) + -2 + 4?
14
Let j(s) = -s**3 + s**2 - 1. Let p be j(0). Let c(u) = 10*u**2 - u - 2. Calculate the remainder when 17 is divided by c(p).
8
Let b(g) = 2*g - 2. Let r be b(6). Let o = r - 8. Let d(u) = 4*u - 1. What is the remainder when 48 is divided by d(o)?
6
Let k = -26 - -27. Let d be 29/k + -8 + 6. Suppose 2*c = -2*m + 28, 0 = -3*c - m + 5 + d. What is the remainder when 14 is divided by c?
5
Suppose 5*u - 3*z - 95 = 0, u = 5*z - 0 - 3. Let m = 546 + -468. Calculate the remainder when m is divided by u.
12
Let a = 10 + -16. Suppose 3 = k + 1. What is the remainder when 19 + -2 - a/k is divided by 11?
9
Let w = -92 - -98. Suppose 0 = -x + 24 - w. Calculate the remainder when x is divided by 7.
4
Let a be 1/4 - 10/40. Suppose 4*g - 3*g - 21 = a. Calculate the remainder when g is divided by 4.
1
Suppose -69 + 14 = -3*k + 4*d, -4*k + 2*d + 90 = 0. Suppose -3*h - 8 = -5*q - 1, 5*h - q - k = 0. Calculate the remainder when 286/h - 2/3 is divided by 16.
15
Let c = 17 - 14. Calculate the remainder when (410/(-15))/(c/(-9)) is divided by 17.
14
Suppose -9*z - 14*z = -1058. Calculate the remainder when z is divided by 39.
7
Suppose 2*y + 15 = 5*y. Suppose -7 + 47 = y*c. What is the remainder when 13 is divided by c?
5
Suppose 0 = i + 82 + 57. Let u = -99 - i. What is the remainder when 119 is divided by u?
39
Suppose -5*l - b + 470 = 42, 0 = -5*l + b + 422. What is the remainder when l is divided by 8?
5
Suppose -114 = -31*m - 21. What is the remainder when 17 is divided by m?
2
Let n = 3216 + -3185. Calculate the remainder when 167 is divided by n.
12
Let i(z) = -3*z - 3. Suppose 5*f + j - 15 = -j, 5*f + 5*j - 15 = 0. Calculate the remainder when f + 2/8*0 is divided by i(-2).
0
Let z be 4/10 + 3278/55. Let x = 88 - z. What is the remainder when x is divided by 16?
12
Let a = -3 - -5. Suppose 0*v + a*v = 4. Suppose 10*l + 5 = 11*l. What is the remainder when l is divided by v?
1
Suppose -19*u = 786 - 2971. Calculate the remainder when u is divided by 58.
57
Let x(v) = -8*v - 65. What is the remainder when x(-34) is divided by 55?
42
Let q = -2 - -1. Let s = -1029 - -1093. Calculate the remainder when s is divided by (26/4)/(q/(-2)).
12
Suppose 3*u = -1199 + 9473. Calculate the remainder when u is divided by 138.
136
Let j be (-85)/15 - 6/(-9). Let o = j + 0. Calculate the remainder when 10/4*(-34)/o is divided by 10.
7
Let n = -990 - -1008. What is the remainder when 88 is divided by n?
16
Suppose 0 = 5*w - 2*h - 5, 2*w - 2*h = -5 + 1. Suppose 8*z = 7*z - 4*i + 23, 114 = 3*z - w*i. What is the remainder when z is divided by 12?
11
Let y be 1 - ((-6 - -3) + 0). Suppose 0*q + y*q - 92 = 0. What is the remainder when 43 is divided by q?
20
What is the remainder when 28 is divided by 342/(-76)*8/(-6)?
4
Let b be ((-324)/(-48))/(6/32). Let w = -37 + b. What is the remainder when 82 is divided by 11/(44/72) + w?
14
Let p(l) = 4*l - 3. Let y be p(1). Let t(d) = 3*d + 1. Let u be t(1). Calculate the remainder when 10 is divided by y - u/((-12)/15).
4
Let t = -9 - -38. Let k = t - 19. Let i(c) = -c**3 + 9*c**2 + 14*c - 13. Calculate the remainder when 51 is divided by i(k).
24
Suppose p - 18 = 4*g + 175, -5*p - 4*g = -845. Let x(z) = 57*z - 1. Let a be x(-2). Let s = p + a. Calculate the remainder when s is divided by 15.
13
Suppose k - 5*k = 2*p + 8, -4*p + 20 = -k. Calculate the remainder when 63 - 1 - 1 - k is divided by 23.
19
Let i = -30 + 34. Suppose -17 = -i*m - 3*p, -3*m + 8*m - 30 = -2*p. Suppose 5*h - 49 - 16 = 0. Calculate the remainder when h is divided by m.
5
Let q be (4/(-2) - -2)/1. Suppose -49 = -7*t - q. Calculate the remainder when (20 + -4)/(-4) + 45 is divided by t.
6
Suppose -81 = -7*q + 4*q. Suppose o - 30 = -4*o + 5*r, 2*o + 3*r = q. What is the remainder when 35 is divided by o?
8
Suppose -70*q + 67*q + d = -816, 0 = 2*q - d - 543. Calculate the remainder when q is divided by 97.
79
What is the remainder when 39 is divided by (-5 - 17/(-3))*(-90)/(-4)?
9
Let i = 1 - -2. Suppose 62 = -11*c + 172. Calculate the remainder when c is divided by i.
1
Let j = -6 - -12. Let w(s) = -2*s + 2*s + j*s. What is the remainder when 69 is divided by w(3)?
15
Let r(x) = -38*x - 9. Calculate the remainder when r(-6) is divided by (2475/30)/(33/22).
54
Suppose 3*f = q - 96, -2*q - 205*f = -208*f - 183. What is the remainder when q is divided by 3*14 - 2*-1?
43
Let r = 45 + -42. Suppose m = 5*y - 85, -5*y + 6*m = r*m - 95. Calculate the remainder when 61 is divided by y.
13
Let d = 115 - 96. What is the remainder when d is divided by 11?
8
Calculate the remainder when (-96)/(-72) + 263/3 is divided by 18.
17
Let y = -10 - -28. Let v(a) = a + 38. Calculate the remainder when v(y) is divided by 30.
26
Let v be 7*3*(-12)/(-18). Suppose n - v = -n. Let y = n - -9. Calculate the remainder when y is divided by 6.
4
Let m(l) = 5*l + 155. What is the remainder when m(-13) is divided by 24?
18
Let r = 17 - 75. Suppose 4*m - 35 = w + 44, 3*w - 4*m = -269. Let v = r - w. What is the remainder when 147 is divided by v?
36
Let q be (23/4)/((-10)/(-120)). Let y = q - 60. Calculate the remainder when 15 is divided by y.
6
Let y = -1371 - -1383. Let u(w) = 9*w - 2. Let o(l) = -2*l. Let s be o(-2). What is the remainder when u(s) is divided by y?
10
Suppose 3*p = 4*p - 418. Suppose 4*z + 4*t - t = 801, 2*z - p = 2*t. Suppose -z = -4*x - 0*x. What is the remainder when x is divided by 18?
15
Suppose -554*w = -544*w - 8660. Calculate the remainder when w is divided by 31.
29
Let n(c) = 2*c**3 - 9*c**2 + 10*c - 11. What is the remainder when 959 is divided by n(5)?
63
Suppose 0 = -j - h + 7, 3*j + 21 = 6*j + h. What is the remainder when 32 is divided by j?
4
Suppose -o = -2*o + 2. Suppose -5*j = -4*l + 45, o*l - 11 = 4*j + 19. Calculate the remainder when 6 is divided by ((-4)/(-5))/(l/25).
2
Let u(l) = l**3 - 36*l**2 - 35*l - 72. What is the remainder when 6 is divided by u(37)?
0
Let w(k) = -43*k - 210. Calculate the remainder when w(-11) is divided by 38.
35
Let o(m) = -3*m + 13. Let p(r) = 7*r + 1. Let b be p(2). Suppose 4*k + b = 47. What is the remainder when o(-6) is divided by k?
7
Suppose 5*u - 80 = -4*z, 5*z - 32 = -2*u + 17. Suppose -4*v + u = -v, s + v = 7. Calculate the remainder when 22 is divided by s - ((-6)/(-3) - 7).
6
Suppose -2*a - 7 = n + a, -a + 11 = 2*n. Suppose z + z - n = 0. Suppose 12 = 4*l - 2*j, z*l - 18 = 2*l - 5*j. Calculate the remainder when 6 is divided by l.
2
Let k(z) = -5*z**3 - 4*z**2 - 3*z. What is the remainder when 9 is divided by k(-1)?
1
Let y(q) = 18*q + 21. Let w be 6/4 + 16/32. Suppose 2*b + w*i - 8 = 0, b = -2*i + 3*i + 